{"id":292,"date":"2023-04-27T00:59:13","date_gmt":"2023-04-27T00:59:13","guid":{"rendered":"https:\/\/vidayvictoria.com\/?page_id=292"},"modified":"2023-04-27T00:59:13","modified_gmt":"2023-04-27T00:59:13","slug":"dona","status":"publish","type":"page","link":"https:\/\/vidayvictoria.com\/index.php\/dona\/","title":{"rendered":"Dona"},"content":{"rendered":"\n<p>Tus donativos nos ayudan a crecer y a llegar m\u00e1s lejos.<\/p>\n\n\n\n<figure class=\"wp-block-image size-full is-resized is-style-default\"><img decoding=\"async\" loading=\"lazy\" src=\"https:\/\/vidayvictoria.com\/wp-content\/uploads\/2023\/04\/IMG-20220527-WA0008-02.jpeg\" alt=\"\" class=\"wp-image-293\" width=\"768\" height=\"494\" srcset=\"https:\/\/vidayvictoria.com\/wp-content\/uploads\/2023\/04\/IMG-20220527-WA0008-02.jpeg 1024w, https:\/\/vidayvictoria.com\/wp-content\/uploads\/2023\/04\/IMG-20220527-WA0008-02-300x193.jpeg 300w, https:\/\/vidayvictoria.com\/wp-content\/uploads\/2023\/04\/IMG-20220527-WA0008-02-768x494.jpeg 768w\" sizes=\"(max-width: 768px) 100vw, 768px\" \/><\/figure>\n\n\n\n<p>Banco Santander<br>Transformando la vida y la sociedad, A.C.<br>CLABE: 014180655092139664<br>Dep\u00f3sito en Ventanilla: 65-50921396-6<br>Deposito con n\u00famero de tarjeta: 5579 0890 0370 0286<\/p>\n\n\n\n<p><\/p>\n","protected":false},"excerpt":{"rendered":"<p>Tus donativos nos ayudan a crecer y a llegar m\u00e1s lejos. Banco SantanderTransformando la vida y la sociedad, A.C.CLABE: 014180655092139664Dep\u00f3sito en Ventanilla: 65-50921396-6Deposito con n\u00famero de tarjeta: 5579 0890 0370 0286<\/p>\n","protected":false},"author":1,"featured_media":0,"parent":0,"menu_order":0,"comment_status":"closed","ping_status":"closed","template":"","meta":{"om_disable_all_campaigns":false,"_mi_skip_tracking":false},"_links":{"self":[{"href":"https:\/\/vidayvictoria.com\/index.php\/wp-json\/wp\/v2\/pages\/292"}],"collection":[{"href":"https:\/\/vidayvictoria.com\/index.php\/wp-json\/wp\/v2\/pages"}],"about":[{"href":"https:\/\/vidayvictoria.com\/index.php\/wp-json\/wp\/v2\/types\/page"}],"author":[{"embeddable":true,"href":"https:\/\/vidayvictoria.com\/index.php\/wp-json\/wp\/v2\/users\/1"}],"replies":[{"embeddable":true,"href":"https:\/\/vidayvictoria.com\/index.php\/wp-json\/wp\/v2\/comments?post=292"}],"version-history":[{"count":1,"href":"https:\/\/vidayvictoria.com\/index.php\/wp-json\/wp\/v2\/pages\/292\/revisions"}],"predecessor-version":[{"id":294,"href":"https:\/\/vidayvictoria.com\/index.php\/wp-json\/wp\/v2\/pages\/292\/revisions\/294"}],"wp:attachment":[{"href":"https:\/\/vidayvictoria.com\/index.php\/wp-json\/wp\/v2\/media?parent=292"}],"curies":[{"name":"wp","href":"https:\/\/api.w.org\/{rel}","templated":true}]}}